l**2 + 5*l - 22. Give f(-10).
28
Let k(w) = -2*w**2 + 5*w - 4. Calculate k(3).
-7
Let t(p) = -p**2 + 7*p - 11. Calculate t(8).
-19
Let n(s) = s**2 - 3*s - 7. Calculate n(5).
3
Let o(y) = -y**3 - 9*y**2 + 5*y + 25. Determine o(-9).
-20
Let l(q) = q**2 + q - 31. Determine l(0).
-31
Let j(l) = 2*l + 8. Determine j(11).
30
Let j(q) = -q**3 + 29*q**2 - 29*q + 42. What is j(28)?
14
Let f(y) = y**3 + 7*y**2 - 6*y + 9. Give f(-8).
-7
Let l(a) = -a**2 + 13*a - 7. What is l(12)?
5
Let r(d) = -d**2 + 5*d + 22. Give r(7).
8
Let b(m) = 4*m**2 - 15*m + 14. Determine b(5).
39
Let o(i) = -i**3 - 2*i**2 + 11*i + 4. Give o(-5).
24
Let f(k) = k**3 + 9*k**2 - 13*k - 20. Give f(-10).
10
Let f(x) = x**3 - 2*x**2 - 10*x + 6. Determine f(5).
31
Let d(q) = 9*q**3 - 2*q**2 + 1. Determine d(-1).
-10
Let s(c) = -4*c - 4. Calculate s(2).
-12
Let a(u) = u**3 - 7*u**2 + 9*u + 8. Determine a(5).
3
Let g(d) = 7*d. Calculate g(-1).
-7
Let o(c) = -3*c - 7. Give o(-6).
11
Let t(g) = -49*g + 44. Give t(1).
-5
Let d(l) = 2*l**2 - 6*l + 1. Calculate d(5).
21
Let a(v) = -8*v**3 - v**2 + v + 1. Give a(-1).
7
Let z(v) = -v**3 - 4*v**2 + v + 6. What is z(-4)?
2
Let u(n) = 2*n**2 - 5*n + 4. Give u(3).
7
Let o(r) = -2*r**3 - r**2 - r + 1. Determine o(1).
-3
Let n(b) = -19*b + 18. Give n(5).
-77
Let d(c) = -c**2 + 15*c + 21. Give d(17).
-13
Let o(c) = -5*c - 77. Determine o(-7).
-42
Let b(t) = t**3 - 6*t**2 + 3*t. What is b(6)?
18
Let h(b) = -6*b**2 - 14*b - 6. What is h(-2)?
-2
Let z(m) = 2*m**3 + 24*m**2 + 22*m + 11. Determine z(-11).
11
Let n(w) = -2*w**2 + 5*w + 7. Give n(-2).
-11
Let w(l) = -l**2 + 3*l + 3. Determine w(5).
-7
Let m(u) = 2*u**2 - 4*u + 77. Calculate m(0).
77
Let i(z) = -7*z + 20. Give i(4).
-8
Let k(w) = -2*w - 2. Calculate k(-6).
10
Let s(f) = f**3 + 18*f**2 + 2*f + 32. Determine s(-18).
-4
Let q(a) = a**3 + 2*a**2 - 12*a + 9. What is q(-5)?
-6
Let m(t) = -3*t**2 + 10. Determine m(0).
10
Let d(h) = h**2 - 40*h + 90. Determine d(37).
-21
Let z(a) = -a**2 - 26*a - 102. Calculate z(-19).
31
Let x(j) = j**3 + 9*j**2 - 37*j - 7. Determine x(-12).
5
Let w(c) = 5*c**3 + 51*c**2 + 8*c - 9. What is w(-10)?
11
Let p(t) = -t**3 - 7*t**2 - 13*t. Calculate p(-3).
3
Let x(v) = 33*v + 39. Determine x(-6).
-159
Let h(t) = -6*t + 106. Calculate h(17).
4
Let a(w) = w**2 + 20*w + 45. Determine a(-18).
9
Let z(y) = y**2 + 14*y + 11. Give z(-12).
-13
Let z(k) = -7*k - 28. Calculate z(-3).
-7
Let s(w) = w**3 - 5*w**2 - 53*w + 22. Give s(10).
-8
Let s(u) = u**2 - 5*u - 9. What is s(7)?
5
Let s(l) = -2*l - 12. Give s(-11).
10
Let m(u) = -u**3 - 30*u**2 + 66*u + 44. Give m(-32).
-20
Let a(w) = w**3 - 18*w**2 - 18*w - 17. Determine a(19).
2
Let v(f) = -f**2 - f - 92. Determine v(0).
-92
Let x(b) = -b**3 - 19*b**2 - 16*b + 36. What is x(-18)?
0
Let b(d) = -132*d + 3. Determine b(0).
3
Let b(u) = u**2 + 4*u + 7. Determine b(-5).
12
Let m(b) = b**3 - 14*b**2 + 10*b + 19. What is m(13)?
-20
Let m(u) = u**3 - 3*u**2 - 2*u. Calculate m(3).
-6
Let m(r) = -5*r**2 - 32*r - 98. What is m(-3)?
-47
Let i(o) = -o**3 - 10*o**2 + o + 8. What is i(-10)?
-2
Let l(s) = -5*s - 16. Determine l(-4).
4
Let c(z) = -9*z + 29. What is c(0)?
29
Let c(t) = t**3 - 6*t**2 + 4*t + 4. Give c(5).
-1
Let m(o) = -o - 23. Determine m(-17).
-6
Let i(w) = -w**3 - 13*w**2 + 17*w + 15. What is i(-14)?
-27
Let u(t) = 2*t. Calculate u(5).
10
Let a(g) = -g**2 + 2. Calculate a(-3).
-7
Let c(o) = o**3 + o**2 - o - 3. Determine c(2).
7
Let v(z) = -z**2 + z + 1. What is v(0)?
1
Let s(d) = -12*d - 4. Determine s(-3).
32
Let l(h) = -h**3 - 4*h**2 - 3*h + 1. What is l(-4)?
13
Let k(t) = t**3 + 10*t**2 - 4*t + 9. What is k(-10)?
49
Let y(k) = k**2 + 24*k - 43. Give y(-27).
38
Let z(o) = -o**3 - 7*o**2 + 12*o - 9. Give z(-9).
45
Let p(u) = -u**3 + 8*u**2 - 17*u + 4. Give p(5).
-6
Let s(l) = -7*l + 117. What is s(20)?
-23
Let b(h) = h**2 + 12*h + 15. Calculate b(-8).
-17
Let p(y) = -y**3 + 12*y**2 + 4*y - 7. Calculate p(12).
41
Let m(j) = j - 6. Determine m(7).
1
Let t(s) = 5*s + 6. What is t(-3)?
-9
Let z(x) = -x**2 - 10*x - 24. What is z(-10)?
-24
Let h(g) = g + 19. Give h(-8).
11
Let u(y) = 58*y - 1. Calculate u(-1).
-59
Let r(a) = -a**2 + 6*a + 8. Determine r(-3).
-19
Let m(x) = -14*x - 15. Determine m(-1).
-1
Let p(n) = -n**3 + 3*n**2 + n - 6. What is p(3)?
-3
Let i(c) = -31*c - 184. Give i(-6).
2
Let d(y) = -y**3 - 8*y**2 - 4*y - 30. Calculate d(-8).
2
Let j(q) = -2*q**2 + 21*q + 7. Calculate j(11).
-4
Let x(n) = -3*n - 2. Calculate x(-14).
40
Let k(w) = w - 29. Calculate k(22).
-7
Let c(i) = -4*i. Give c(-3).
12
Let a(i) = -i**3 + 6*i**2 - 6*i + 2. Give a(4).
10
Let f(m) = m**2 - 11*m - 31. Determine f(14).
11
Let o(c) = 2*c + 39. Determine o(-13).
13
Let d(v) = v**2 - 14*v - 90. What is d(18)?
-18
Let b(w) = -w - 5. What is b(3)?
-8
Let y(v) = v**3 - 30*v**2 - 32*v + 3. What is y(31)?
-28
Let t(k) = -29*k**3 + 2*k**2 - k. What is t(1)?
-28
Let z(p) = p**2 + 7*p - 26. Calculate z(-11).
18
Let a(q) = -2*q**3 + 70*q**2 - 13. Determine a(35).
-13
Let o(c) = 2*c**2 - 17*c + 29. Calculate o(10).
59
Let g(y) = 4*y + 29. Calculate g(10).
69
Let i(n) = 3*n**2 - 67*n + 32. Determine i(22).
10
Let a(b) = b**3 + 4*b**2 + b - 4. What is a(-4)?
-8
Let y(x) = 8*x + 1. Give y(1).
9
Let y(a) = 4*a**3 - a**2 + 2*a - 1. Calculate y(1).
4
Let l(g) = -2*g**2 - 4*g + 3. Give l(2).
-13
Let u(k) = -2*k**3 + k**2 + 5*k - 6. Calculate u(-2).
4
Let r(u) = -u**2 - 18*u - 20. Give r(-16).
12
Let w(t) = -t + 45. What is w(0)?
45
Let z(t) = 26*t + 394. What is z(-15)?
4
Let c(z) = -z**2 + 21*z - 4. Give c(18).
50
Let s(r) = -r**3 + 4*r**2 + 7*r - 6. Determine s(4).
22
Let b(i) = -3*i**2 + 60*i + 64. Give b(21).
1
Let y(f) = -2*f - 24. Give y(-11).
-2
Let w(x) = -2*x - 9. Calculate w(6).
-21
Let j(v) = -3*v + 5. Give j(-3).
14
Let l(r) = r**3 - 4*r**2 - 8*r - 16. What is l(6)?
8
Let m(d) = 43*d + 2. What is m(0)?
2
Let v(d) = -d**2 + 6*d - 14. Determine v(9).
-41
Let f(b) = -b**2 - 16*b - 6. Give f(-16).
-6
Let t(o) = 2*o**2 + 71*o + 38. Give t(-32).
-186
Let f(z) = -z**2 + 20*z - 56. Calculate f(23).
-125
Let m(s) = s**2 + 7*s - 18. Give m(-11).
26
Let u(v) = -5*v + 234. What is u(32)?
74
Let x(d) = -d**2 + 19*d + 4. What is x(19)?
4
Let k(z) = z**2 - 5*z. What is k(4)?
-4
Let j(m) = m - 27. Give j(11).
-16
Let q(w) = w**3 - 44*w**2 + 122*w + 40. Give q(41).
-1
Let x(u) = -u**3 - 48*u**2 + 266*u + 51. What is x(-53)?
-2
Let w(r) = r**2 - r - 24. Give w(5).
-4
Let z(q) = 3*q**3 - 29*q**2 + 15*q + 12. Give z(9).
-15
Let o(g) = -11*g + 5. Determine o(2).
-17
Let a(n) = 2*n**2 + 4*n - 6. What is a(5)?
64
Let f(o) = -6*o + 3. What is f(7)?
-39
Let w(y) = -y**3 - 6*y**2 + 14*y - 12. What is w(-8)?
4
Let x(i) = 4*i + 1. Give x(-1).
-3
Let k(x) = -5*x**3 - 26*x**2 + 4. Determine k(-5).
-21
Let d(c) = 4*c - 83. Give d(23).
9
Let g(w) = -30*w - 37. Determine g(-2).
23
Let i(h) = -3*h - 25. Give i(-8).
-1
Let w(d) = -d**3 - 7*d**2 - 4*d + 3. Give w(-5).
-27
Let m(h) = 2*h - 15. Calculate m(5).
-5
Let i(t) = 6*t - 45. Give i(6).
-9
Let y(h) = h**2 - h - 4. Determine y(-8).
68
Let i(u) = -u**3 + 12*u**2 + 16*u + 4. Determine i(13).
43
Let p(g) = -g**3 - 6*g**2 - g - 2. Determine p(-3).
-26
Let o(r) = -r**3 + 3*r**2 + 5*r + 1. Give o(4).
5
Let t(n) = -n**3 + n**2 - 4*n + 1. Determine t(-3).
49
Let d(l) = 2*l - 5. What is d(-5)?
-15
Let x(f) = -26*f - 26. What is x(-5)?
104
Let w(o) = -o**3 - 3*o**2 + 3*o - 12. Calculate w(-6).
78
Let y(l) = -2*l**2 - 26*l - 8. Calculate y(-13).
-8
Let m(i) = i + 8. Give m(-1).
7
Let d(v) = -v**3 + 24*v**2 - 24*v + 5. Calculate d(23).
-18
Let v(p) = p**3 - 17*p**2 + 3. Calculate v(17).
3
Let i(b) = b**2 - 9*b - 1. Calculate i(9).
-1
Let j(p) = 2*p**2 + 2*p - 2. Calculate j(4).
38
Let w(z) = z**3 - z**2 - 2*z - 8. Determine w(5).
82
Let f(z) = -z**3 - 14*z**2 + 22*z + 9. Give f(-15).
-96
Let t(u) = 8*u**2 + 2*u. What is t(-2)?
28
Let l(i) = i**3 - 12*i**2 + 2*i - 18. Calculate l(12).
6
Let q(a) = -a**2 + 37. Give q(0).
37
Let w(x) = -x**2 + 6*x + 39. Calculate w(10).
-1
Let s(b) = -3*b + 16. Give s(8).
-8
Let j(n) = 3*n - 15. Determine j(15).
30
Let b(j) = -j**3 + 6*j**2 - j - 2. What is b(6)?
-8
Let v(j) = -j**2 - 35*j - 164. Give v(-5).
-14
Let n(j) = j**3 + 11*j**2 + 13*j + 11. What is n(-9)?
56
Let p(d) = -3*d**3 - 9*d**2 - 8*d + 3. What i